12, -5*c - g = -15 - p. Let u(n) = n**3 - 7*n**2 + n. Give u(c).
7
Let i(x) = -x - 7. Suppose -4*y + 708 = 736. Determine i(y).
0
Let q(v) = 3*v**3 + 4*v**2 + v - 2. Let b = -520 + 519. Determine q(b).
-2
Let r(k) be the second derivative of k**3/6 + 3*k**2/2 + 2*k + 50. What is r(10)?
13
Let r(u) = u**2 + 12*u - 3. Suppose -2*p = -5*h - 54, 0 = 6*h - 11*h - 5*p - 40. What is r(h)?
-23
Let u be (90/(-35))/(9/(-84)). Suppose -5*n - u = -n. Let k(q) = q**3 + 6*q**2 - q - 1. Determine k(n).
5
Let d(i) = -3*i - 3. Let k(w) = -22*w - 46. Let j(z) = 8*d(z) - k(z). Determine j(7).
8
Let t(d) = -d**2 - 9*d - 1. Let q = 27 - 24. Suppose -2*z - q = 13. Determine t(z).
7
Let c(b) = -5*b + 3. Let y(z) = 9*z - 5. Let j(a) = -5*c(a) - 3*y(a). Let l(p) = -8*p**3 - 199*p**2 + 28*p + 80. Let f be l(-25). Give j(f).
-10
Let t = 7 - 2. Let d be (-5)/(-2)*(7 - 9). Let z = d + t. Let v(b) = b**2 - 5. What is v(z)?
-5
Let y(d) be the second derivative of -1/6*d**3 + 1/2*d**2 - 4*d + 0 - 5/12*d**4. Let v be (-1)/((-2 - 0)/2). Give y(v).
-5
Let g be 64/24*(-30)/4. Let i = g - -24. Suppose 3*u - i*u = 0. Let x(y) = -y**3 + y**2 - y. What is x(u)?
0
Let r(y) = -y**2 - 5*y + 4. Suppose 2*z + 5 = h, 0 = 4*h + 2*z + 3*z - 7. Suppose -5*u - 40 = h*u. Give r(u).
4
Let o(h) be the second derivative of -3*h**5/10 - h**4/4 + h**3/6 + h**2 - h + 149. Determine o(-2).
36
Let n(w) be the first derivative of -w**4/4 - 2*w**3/3 + w**2 + 4*w - 1. Let h(p) = 0*p - 4 + 2*p - 19. Let b be h(10). Calculate n(b).
7
Let s(y) be the third derivative of -y**6/6 + y**5/30 + y**4/24 - y**3/3 - 20*y**2 + 7*y. Give s(1).
-19
Let a(b) = b - 5. Let g be (26/5)/(477/(-45) - -11). What is a(g)?
8
Suppose 9*o + 13 - 31 = 0. Let q(a) = -1 - a - 4*a + a**2 + o + 4. Determine q(4).
1
Let l(y) be the third derivative of -y**4/24 - y**3/3 + 3*y**2. Let h be ((-2)/3)/(1 + (-100)/90). Give l(h).
-8
Let a = -704 - -708. Let l(v) = v**2 - v + 1. Determine l(a).
13
Let o(c) = 31*c**2 + 20*c + 50. Let u(z) = -11*z**2 - 7*z - 17. Let j(t) = 6*o(t) + 17*u(t). What is j(8)?
-45
Let m(s) = 19*s + 108. Let p be m(-5). Let q(r) = -r**3 + 12*r**2 + 11*r + 19. Determine q(p).
-7
Let i(b) = -b + 5 + 3 - 5 + 2*b. Let u be 10/4 - 6/(-12). Calculate i(u).
6
Let y(c) = -c - 1. Suppose 4*i = -3*l + 5, -3*i + l + 20 + 0 = 0. Give y(i).
-6
Let n = -252 + 254. Let w(i) = 5*i**3 - 4*i**2 + 3*i - 2. Calculate w(n).
28
Let a(b) be the second derivative of -b**3/6 + 3*b**2/2 - 19*b + 3. Let n = -10 - -7. Give a(n).
6
Let f be (-4*(-3)/2)/2. Suppose w + 36 = -5*w. Let b = f + w. Let x(m) = -5*m. Give x(b).
15
Let m(j) = j**3 - 3*j**2 + j + 3. Let y be m(3). Let h(u) = -1. Let x(t) = t**2 - 7*t - 4. Let a(l) = 6*h(l) - x(l). Give a(y).
4
Let a(m) = 5*m + 4. Let q(g) = 9*g + 8. Let h(s) = 5*a(s) - 3*q(s). Let o be (4 - 8)/(-4) + 4. Suppose 5*n + v = -17, 3*n - 5*v = o*n - 7. Determine h(n).
4
Let x(o) = -o + 3. Suppose 3*i = 5*k + 45, -i - 2 + 0 = 4*k. Let a be x(i). Let h(s) = -s**3 - 6*s**2 + 7*s + 2. Give h(a).
2
Let b(a) = 2*a**2 + 4*a - 19. Let i(j) = -j**2 - 4*j + 1. Let q(m) = b(m) + i(m). Determine q(0).
-18
Let z(f) be the third derivative of -f**5/30 + f**4/12 + f**3/6 + 134*f**2. Suppose 4*l + 10 = r, -2*r + l = 2*r + 5. Determine z(r).
-11
Let d(c) be the first derivative of c**2/2 - c - 1. Let p be d(3). Let r(i) = 6*i - 2. Determine r(p).
10
Let r(i) = i**2 + 5*i - 1. Suppose -2*b + b = -28. Let n = b + -20. Let k = n - 14. Calculate r(k).
5
Let y(j) = 7*j**2 + 17*j - 13. Let l(o) = 20*o**2 + 49*o - 38. Let s(q) = 6*l(q) - 17*y(q). What is s(-6)?
-1
Let k(f) = -f**2 + 5*f + 2. Let s be k(6). Let v(p) be the third derivative of p**6/120 + p**5/12 + p**4/4 + p**3 + 514*p**2. What is v(s)?
-2
Let l be 92/6 + 3/(-9). Let c(a) = 0 - 16*a - a**2 + l*a + 4. Determine c(-4).
-8
Suppose -2*q + 13 = -4*k - 9, 3*k = 4*q - 24. Let h(y) be the third derivative of -y**5/60 - 7*y**4/24 - y**3 - 382*y**2. Give h(k).
6
Let w(q) = 44*q + 9*q - 1 + 3*q**2 - 54*q. Let t = -1 + -1. Calculate w(t).
13
Let a(u) be the second derivative of u**4/12 - 4*u**3/3 - 5*u**2 + 133*u. What is a(9)?
-1
Let y(r) = -r**3 + 6*r**2 - 5*r + 3. Let b be y(6). Let g = -40 - b. Let k = g - -10. Let l(u) = u**3 + 4*u**2 + 5*u + 3. Calculate l(k).
-3
Let l(f) be the first derivative of 2*f**3/3 + f**2/2 + 2*f + 417. Give l(-2).
8
Let n(i) be the first derivative of i**4/12 - 7*i**3/6 + 4*i**2 + 14*i + 12. Let z(v) be the first derivative of n(v). Determine z(6).
2
Let d be (-235)/(-6) - (-14)/(-84). Let m = -23 + d. Suppose h = i - 2*h - m, i - 4*h = 20. Let p(y) = y**2 - 4*y + 4. What is p(i)?
4
Let i(f) be the third derivative of f**5/60 + f**4/2 - 7*f**3/3 + 28*f**2. Calculate i(-12).
-14
Let d = -23 + 28. Suppose d*l = -0*l - v - 10, 3*v = -5*l - 20. Let u(m) = -m**3 - 2*m**2 - m. Give u(l).
0
Let g(p) be the third derivative of -p**4/8 - 3*p**3/2 + p**2. Suppose 0 = i - 4*k + 6*k - 6, -5*i - k = 24. Give g(i).
9
Let t = -1048 - -1040. Let g(q) = 3*q - 2. Let v(x) = 4*x - 1. Let p(c) = 6*g(c) - 5*v(c). What is p(t)?
9
Let f = 4 - 4. Suppose 3*c - 15 = -4*v - f*c, 0 = v + 2*c. Let r(d) = -d + d**2 + 7 + 0*d + v*d - 9. What is r(-5)?
-2
Let k(j) = -j + 5. Let a = 1040 + -1032. What is k(a)?
-3
Let q = -359 - -362. Let h(z) be the first derivative of 1/2*z**2 - z + q. Determine h(2).
1
Let b(t) = -3*t + 88. Let q be b(28). Let d(l) be the third derivative of 0*l**3 + 0*l - 7/24*l**q + 0 + 4*l**2. Determine d(1).
-7
Suppose -5*q + 94 = 3*l, 15*q + 3*l = 11*q + 77. Let x(r) = -r**3 + 17*r**2 - r + 11. Determine x(q).
-6
Suppose 0 = -2*z + 4*u + 12, -18 = -5*z - 5*u - 63. Let k = 1 + -4. Let p(g) = 2*g**2 - 2*g + 2. Let w(s) = -s**2 - s. Let c(t) = k*w(t) - p(t). Give c(z).
-6
Let k be (-8)/24*7 + 3. Let h(x) be the first derivative of -7/2*x**2 - 5*x - k*x**3 - 6. Give h(-4).
-9
Let q(s) = -s**2 - 1 + 3*s**2 + 5*s**2 + 5*s**2 - 11*s**2 + 8*s. What is q(-9)?
8
Suppose -5*h = -5*z + 10, -4*z + 4 = -h - 2*z. Let a(r) = -r**2 + 3*r - 4*r - 165050 + 165052. Give a(h).
2
Let f = -5 - -12. Suppose -3*g = -f*g + 28. Let k(h) = -4 + 8*h**2 + 3 + h - g*h**2. What is k(-3)?
5
Let b(o) = -2*o**2 + 14*o - 6. Let u be (-168)/(-98)*(-7)/(-2). Calculate b(u).
6
Let n(f) = -6*f + 330. Let r be n(52). Let d(s) = 2*s - 34. What is d(r)?
2
Let u(x) = -3*x + 7. Let s be ((-13)/(-2) - 4)*-12. Let r be ((-15)/(-25))/((-3)/s). Give u(r).
-11
Let k(t) = -4*t + 0*t + 5 + 6*t - 7*t**2 - t**3 + 0*t. Determine k(-7).
-9
Let p(n) = n**3 - 6*n**2 - 3*n + 9. Suppose -5*o + 6*o - 6 = 0. Determine p(o).
-9
Let v(f) = 2*f**2 - 5*f - 7. Let r(j) = 2*j - 5. Let n be r(0). Let g(l) = -3*l**2 + 10*l + 14. Let x(k) = n*v(k) - 3*g(k). Determine x(-6).
-13
Let h be 92/(((-2)/(-8))/(9/(-36))). Let f = 97 + h. Let p(j) = j**2 - 2*j - 7. What is p(f)?
8
Let a(c) = -c**2 - c. Let z be a(1). Let q(i) be the second derivative of 2*i**3/3 + i**2/2 - 9157*i. Give q(z).
-7
Let l(s) be the second derivative of 9*s**5/5 - s**4/12 + 6*s + 7. What is l(-1)?
-37
Let h(i) = -7*i - 53. Let j be h(-6). Let y(s) = s**2 + 9*s - 21. Calculate y(j).
1
Let m(l) = -13*l - 77. Let p be m(-27). Let y(o) = -p - 272 - o + 535. What is y(0)?
-11
Let b(l) = 3*l**2 + 6*l + 3. Let p(r) = -r**2 + r. Let n(w) = -b(w) - 2*p(w). Suppose 1 + 14 = -5*f. Calculate n(f).
12
Let l = 145 - 142. Let m be -8*(l - 2 - 2). Let f(w) = -w**2 + 8*w - 4. Give f(m).
-4
Let g = 63 - 66. Let k be g/(-4) + 3/(-4). Let f(w) = 6*w - 8. Let t(p) = 7*p - 9. Let n(j) = -6*f(j) + 5*t(j). What is n(k)?
3
Let g = -275 - -280. Let s(m) = m - 1. Let b(l) = -4*l + 3. Let u(h) = h - 3. Let o be u(2). Let n(k) = o*b(k) - 5*s(k). Calculate n(g).
-3
Let l = -1000 - -998. Let x(b) = b**3 - 3*b**2 + 3*b - 4. Let j(s) = -s**3 + s**2 - s + 1. Let q(a) = -2*j(a) - x(a). What is q(l)?
0
Let u(n) be the second derivative of -11*n**3/6 - 25*n**2 + 783*n. Determine u(-5).
5
Let l be (57/(-12) + 6)*4. Let o(s) = -2*s**2 + 8*s + 11. Calculate o(l).
1
Let g(d) = -d**3 + 6*d**2 - 8. Let l = -820 - -826. What is g(l)?
-8
Let w(u) = -u**3 - 10*u**2 - u + 2. Let p(i) = -i**2 - 8*i - 17. Let j be p(-7). What is w(j)?
12
Let t(f) = f**2 - 10*f. Let r(q) = 18*q**2 - 167*q + 4. Let u(p) = -r(p) + 17*t(p). Suppose -4*y - 7 = 5*c, 2*c = -0*y + 5*y - 16. Calculate u(c).
-4
Let o(l) = -6 - 